{"id":691,"date":"2024-08-25T02:50:50","date_gmt":"2024-08-25T00:50:50","guid":{"rendered":"https:\/\/www.tanzlokal-nina.com\/?post_type=tribe_events&#038;p=691"},"modified":"2024-08-25T02:52:11","modified_gmt":"2024-08-25T00:52:11","slug":"rhythmus-der-nacht-bottrops-discofox-nacht","status":"publish","type":"tribe_events","link":"https:\/\/www.tanzlokal-nina.com\/?tribe_events=rhythmus-der-nacht-bottrops-discofox-nacht","title":{"rendered":"Rhythmus der Nacht &#8211; Bottrop&#8217;s Discofox Nacht"},"content":{"rendered":"<p>[et_pb_section fb_built=&#8220;1&#8243; _builder_version=&#8220;4.25.2&#8243; _module_preset=&#8220;default&#8220; background_color=&#8220;RGBA(255,255,255,0)&#8220; background_enable_image=&#8220;off&#8220; parallax=&#8220;on&#8220; parallax_method=&#8220;off&#8220; custom_margin=&#8220;0px||0px||false|false&#8220; custom_padding=&#8220;0px||0px||false|false&#8220; global_colors_info=&#8220;{}&#8220;][et_pb_row column_structure=&#8220;1_4,1_4,1_4,1_4&#8243; _builder_version=&#8220;4.25.2&#8243; _module_preset=&#8220;default&#8220; width=&#8220;100%&#8220; max_width=&#8220;100%&#8220; custom_margin=&#8220;0px||0px||false|false&#8220; custom_padding=&#8220;0px||0px||false|false&#8220; global_colors_info=&#8220;{}&#8220;][et_pb_column type=&#8220;1_4&#8243; _builder_version=&#8220;4.25.2&#8243; _module_preset=&#8220;default&#8220; global_colors_info=&#8220;{}&#8220;][\/et_pb_column][et_pb_column type=&#8220;1_4&#8243; _builder_version=&#8220;4.25.2&#8243; _module_preset=&#8220;default&#8220; global_colors_info=&#8220;{}&#8220;][\/et_pb_column][et_pb_column type=&#8220;1_4&#8243; _builder_version=&#8220;4.25.2&#8243; _module_preset=&#8220;default&#8220; global_colors_info=&#8220;{}&#8220;][et_pb_image src=&#8220;https:\/\/www.tanzlokal-nina.com\/wp-content\/uploads\/2024\/07\/Gruppenspecial.jpg&#8220; title_text=&#8220;Gruppenspecial&#8220; url=&#8220;https:\/\/www.tanzlokal-nina.com\/?page_id=306&#8243; _builder_version=&#8220;4.26.0&#8243; _module_preset=&#8220;default&#8220; custom_margin=&#8220;0px||0px||false|false&#8220; global_colors_info=&#8220;{}&#8220;][\/et_pb_image][\/et_pb_column][et_pb_column type=&#8220;1_4&#8243; _builder_version=&#8220;4.25.2&#8243; _module_preset=&#8220;default&#8220; global_colors_info=&#8220;{}&#8220;][et_pb_image src=&#8220;https:\/\/www.tanzlokal-nina.com\/wp-content\/uploads\/2024\/07\/ab18.jpg&#8220; title_text=&#8220;ab18&#8243; _builder_version=&#8220;4.25.2&#8243; _module_preset=&#8220;default&#8220; custom_margin=&#8220;0px||0px||false|false&#8220; global_colors_info=&#8220;{}&#8220;][\/et_pb_image][\/et_pb_column][\/et_pb_row][et_pb_row _builder_version=&#8220;4.25.2&#8243; _module_preset=&#8220;default&#8220; width=&#8220;100%&#8220; max_width=&#8220;100%&#8220; global_colors_info=&#8220;{}&#8220;][et_pb_column type=&#8220;4_4&#8243; _builder_version=&#8220;4.25.2&#8243; _module_preset=&#8220;default&#8220; global_colors_info=&#8220;{}&#8220;][et_pb_text _builder_version=&#8220;4.26.0&#8243; _module_preset=&#8220;default&#8220; text_font=&#8220;Arial||||||||&#8220; text_text_color=&#8220;#FFFFFF&#8220; global_colors_info=&#8220;{}&#8220;]<\/p>\n<div class=\"xdj266r x11i5rnm xat24cr x1mh8g0r x1vvkbs\">&#8222;Sie tanzt den Rhythmus der Nacht&#8220; ist das Discofox-Event, das nicht nur zum Zuschauen, sondern vor allem zum Mittanzen einl\u00e4dt. Eine Nacht voller internationaler Discofox-Hits, bei der Sie nciht stillstehen k\u00f6nnen.<\/div>\n<div class=\"x11i5rnm xat24cr x1mh8g0r x1vvkbs xtlvy1s\">Ob Anf\u00e4nger oder erfahrener T\u00e4nzer, in dieser Nacht ist jeder eingeladen, der den Rhythmus der Nacht zu sp\u00fcren und gemeinsam mit anderen zu erleben.<\/div>\n<div class=\"x11i5rnm xat24cr x1mh8g0r x1vvkbs xtlvy1s\">Egal ob alleine oder mit Partner &#8211; &#8222;Sie tanzt den Rhythmus der Nacht&#8220; bietet die perfekte Gelegenheit, sich im Discofox auszutoben, neue Schritte zu lernen und die Nacht in vollen Z\u00fcgen zu genie\u00dfen.<\/div>\n<div class=\"x11i5rnm xat24cr x1mh8g0r x1vvkbs xtlvy1s\"><span class=\"html-span xexx8yu x4uap5 x18d9i69 xkhd6sd x1hl2dhg x16tdsg8 x1vvkbs x3nfvp2 x1j61x8r x1fcty0u xdj266r xat24cr xgzva0m xhhsvwb xxymvpz xlup9mm x1kky2od\"><img loading=\"lazy\" decoding=\"async\" class=\"xz74otr\" src=\"https:\/\/static.xx.fbcdn.net\/images\/emoji.php\/v9\/t40\/1\/16\/25b6.png\" alt=\"\u25b6\ufe0f\" width=\"16\" height=\"16\" \/><\/span> Royal Suite: Das Beste aus nationalen und internationalen Discofox<br class=\"html-br\" \/><span class=\"html-span xexx8yu x4uap5 x18d9i69 xkhd6sd x1hl2dhg x16tdsg8 x1vvkbs x3nfvp2 x1j61x8r x1fcty0u xdj266r xat24cr xgzva0m xhhsvwb xxymvpz xlup9mm x1kky2od\"><img loading=\"lazy\" decoding=\"async\" class=\"xz74otr\" src=\"https:\/\/static.xx.fbcdn.net\/images\/emoji.php\/v9\/t40\/1\/16\/25b6.png\" alt=\"\u25b6\ufe0f\" width=\"16\" height=\"16\" \/><\/span> Stadl: Lieblingslieder &amp; die Ohrw\u00fcrmer aus den 90ern bis heute<br class=\"html-br\" \/>&#8211; &#8211; &#8211; &#8211; &#8211; &#8211; &#8211; &#8211; &#8211; &#8211; &#8211; &#8211;<br class=\"html-br\" \/>Einlass: ab 18 Jahren<br class=\"html-br\" \/>Start: 21:00 Uhr<\/div>\n<p>[\/et_pb_text][\/et_pb_column][\/et_pb_row][\/et_pb_section]<\/p>\n","protected":false},"excerpt":{"rendered":"<p>&#8222;Sie tanzt den Rhythmus der Nacht&#8220; ist das Discofox-Event, das nicht nur zum Zuschauen, sondern vor allem zum Mittanzen einl\u00e4dt. Eine Nacht voller internationaler Discofox-Hits, bei der Sie nciht stillstehen [&hellip;]<\/p>\n","protected":false},"author":1,"featured_media":694,"template":"","meta":{"_et_pb_use_builder":"on","_et_pb_old_content":"","_et_gb_content_width":"","_tribe_events_status":"","_tribe_events_status_reason":"","footnotes":""},"tags":[],"tribe_events_cat":[],"class_list":["post-691","tribe_events","type-tribe_events","status-publish","has-post-thumbnail","hentry"],"_links":{"self":[{"href":"https:\/\/www.tanzlokal-nina.com\/index.php?rest_route=\/wp\/v2\/tribe_events\/691","targetHints":{"allow":["GET"]}}],"collection":[{"href":"https:\/\/www.tanzlokal-nina.com\/index.php?rest_route=\/wp\/v2\/tribe_events"}],"about":[{"href":"https:\/\/www.tanzlokal-nina.com\/index.php?rest_route=\/wp\/v2\/types\/tribe_events"}],"author":[{"embeddable":true,"href":"https:\/\/www.tanzlokal-nina.com\/index.php?rest_route=\/wp\/v2\/users\/1"}],"version-history":[{"count":3,"href":"https:\/\/www.tanzlokal-nina.com\/index.php?rest_route=\/wp\/v2\/tribe_events\/691\/revisions"}],"predecessor-version":[{"id":702,"href":"https:\/\/www.tanzlokal-nina.com\/index.php?rest_route=\/wp\/v2\/tribe_events\/691\/revisions\/702"}],"wp:featuredmedia":[{"embeddable":true,"href":"https:\/\/www.tanzlokal-nina.com\/index.php?rest_route=\/wp\/v2\/media\/694"}],"wp:attachment":[{"href":"https:\/\/www.tanzlokal-nina.com\/index.php?rest_route=%2Fwp%2Fv2%2Fmedia&parent=691"}],"wp:term":[{"taxonomy":"post_tag","embeddable":true,"href":"https:\/\/www.tanzlokal-nina.com\/index.php?rest_route=%2Fwp%2Fv2%2Ftags&post=691"},{"taxonomy":"tribe_events_cat","embeddable":true,"href":"https:\/\/www.tanzlokal-nina.com\/index.php?rest_route=%2Fwp%2Fv2%2Ftribe_events_cat&post=691"}],"curies":[{"name":"wp","href":"https:\/\/api.w.org\/{rel}","templated":true}]}}

<p>[et_pb_section fb_built=&#8220;1&#8243; _builder_version=&#8220;4.25.2&#8243; _module_preset=&#8220;default&#8220; background_color=&#8220;RGBA(255,255,255,0)&#8220; background_enable_image=&#8220;off&#8220; parallax=&#8220;on&#8220; parallax_method=&#8220;off&#8220; custom_margin=&#8220;0px||0px||false|false&#8220; custom_padding=&#8220;0px||0px||false|false&#8220; global_colors_info=&#8220;{}&#8220;][et_pb_row column_structure=&#8220;1_4,1_4,1_4,1_4&#8243; _builder_version=&#8220;4.25.2&#8243; _module_preset=&#8220;default&#8220; width=&#8220;100%&#8220; max_width=&#8220;100%&#8220; custom_margin=&#8220;0px||0px||false|false&#8220; custom_padding=&#8220;0px||0px||false|false&#8220; global_colors_info=&#8220;{}&#8220;][et_pb_column type=&#8220;1_4&#8243; _builder_version=&#8220;4.25.2&#8243; _module_preset=&#8220;default&#8220; global_colors_info=&#8220;{}&#8220;][/et_pb_column][et_pb_column type=&#8220;1_4&#8243; _builder_version=&#8220;4.25.2&#8243; _module_preset=&#8220;default&#8220; global_colors_info=&#8220;{}&#8220;][/et_pb_column][et_pb_column type=&#8220;1_4&#8243; _builder_version=&#8220;4.25.2&#8243; _module_preset=&#8220;default&#8220; global_colors_info=&#8220;{}&#8220;][et_pb_image src=&#8220;https://www.tanzlokal-nina.com/wp-content/uploads/2024/07/Gruppenspecial.jpg&#8220; title_text=&#8220;Gruppenspecial&#8220; url=&#8220;https://www.tanzlokal-nina.com/?page_id=306&#8243; _builder_version=&#8220;4.26.0&#8243; _module_preset=&#8220;default&#8220; custom_margin=&#8220;0px||0px||false|false&#8220; global_colors_info=&#8220;{}&#8220;][/et_pb_image][/et_pb_column][et_pb_column type=&#8220;1_4&#8243; _builder_version=&#8220;4.25.2&#8243; _module_preset=&#8220;default&#8220; global_colors_info=&#8220;{}&#8220;][et_pb_image src=&#8220;https://www.tanzlokal-nina.com/wp-content/uploads/2024/07/ab18.jpg&#8220; title_text=&#8220;ab18&#8243; _builder_version=&#8220;4.25.2&#8243; _module_preset=&#8220;default&#8220; custom_margin=&#8220;0px||0px||false|false&#8220; global_colors_info=&#8220;{}&#8220;][/et_pb_image][/et_pb_column][/et_pb_row][et_pb_row _builder_version=&#8220;4.25.2&#8243; _module_preset=&#8220;default&#8220; width=&#8220;100%&#8220; max_width=&#8220;100%&#8220; global_colors_info=&#8220;{}&#8220;][et_pb_column type=&#8220;4_4&#8243; _builder_version=&#8220;4.25.2&#8243; _module_preset=&#8220;default&#8220; global_colors_info=&#8220;{}&#8220;][et_pb_text _builder_version=&#8220;4.26.0&#8243; _module_preset=&#8220;default&#8220; text_font=&#8220;Arial||||||||&#8220; text_text_color=&#8220;#FFFFFF&#8220; global_colors_info=&#8220;{}&#8220;]</p>
<div class="xdj266r x11i5rnm xat24cr x1mh8g0r x1vvkbs">&#8222;Sie tanzt den Rhythmus der Nacht&#8220; ist das Discofox-Event, das nicht nur zum Zuschauen, sondern vor allem zum Mittanzen einlädt. Eine Nacht voller internationaler Discofox-Hits, bei der Sie nciht stillstehen können.</div>
<div class="x11i5rnm xat24cr x1mh8g0r x1vvkbs xtlvy1s">Ob Anfänger oder erfahrener Tänzer, in dieser Nacht ist jeder eingeladen, der den Rhythmus der Nacht zu spüren und gemeinsam mit anderen zu erleben.</div>
<div class="x11i5rnm xat24cr x1mh8g0r x1vvkbs xtlvy1s">Egal ob alleine oder mit Partner &#8211; &#8222;Sie tanzt den Rhythmus der Nacht&#8220; bietet die perfekte Gelegenheit, sich im Discofox auszutoben, neue Schritte zu lernen und die Nacht in vollen Zügen zu genießen.</div>
<div class="x11i5rnm xat24cr x1mh8g0r x1vvkbs xtlvy1s"><span class="html-span xexx8yu x4uap5 x18d9i69 xkhd6sd x1hl2dhg x16tdsg8 x1vvkbs x3nfvp2 x1j61x8r x1fcty0u xdj266r xat24cr xgzva0m xhhsvwb xxymvpz xlup9mm x1kky2od"><img loading="lazy" decoding="async" class="xz74otr" src="https://static.xx.fbcdn.net/images/emoji.php/v9/t40/1/16/25b6.png" alt="▶️" width="16" height="16" /></span> Royal Suite: Das Beste aus nationalen und internationalen Discofox<br class="html-br" /><span class="html-span xexx8yu x4uap5 x18d9i69 xkhd6sd x1hl2dhg x16tdsg8 x1vvkbs x3nfvp2 x1j61x8r x1fcty0u xdj266r xat24cr xgzva0m xhhsvwb xxymvpz xlup9mm x1kky2od"><img loading="lazy" decoding="async" class="xz74otr" src="https://static.xx.fbcdn.net/images/emoji.php/v9/t40/1/16/25b6.png" alt="▶️" width="16" height="16" /></span> Stadl: Lieblingslieder &amp; die Ohrwürmer aus den 90ern bis heute<br class="html-br" />&#8211; &#8211; &#8211; &#8211; &#8211; &#8211; &#8211; &#8211; &#8211; &#8211; &#8211; &#8211;<br class="html-br" />Einlass: ab 18 Jahren<br class="html-br" />Start: 21:00 Uhr</div>
<p>[/et_pb_text][/et_pb_column][/et_pb_row][/et_pb_section]</p>

<p>&#8222;Sie tanzt den Rhythmus der Nacht&#8220; ist das Discofox-Event, das nicht nur zum Zuschauen, sondern vor allem zum Mittanzen einlädt. Eine Nacht voller internationaler Discofox-Hits, bei der Sie nciht stillstehen [&hellip;]</p>
