{"id":1221,"date":"2025-07-27T19:00:23","date_gmt":"2025-07-27T17:00:23","guid":{"rendered":"https:\/\/www.tanzlokal-nina.com\/?post_type=tribe_events&#038;p=1221"},"modified":"2025-08-16T21:00:31","modified_gmt":"2025-08-16T19:00:31","slug":"die-nacht-der-stars-die-rueckkehr","status":"publish","type":"tribe_events","link":"https:\/\/www.tanzlokal-nina.com\/?tribe_events=die-nacht-der-stars-die-rueckkehr","title":{"rendered":"Die Nacht der Stars &#8211; Michael Wendler"},"content":{"rendered":"<p>[et_pb_section fb_built=&#8220;1&#8243; _builder_version=&#8220;4.25.2&#8243; _module_preset=&#8220;default&#8220; background_color=&#8220;RGBA(255,255,255,0)&#8220; background_enable_image=&#8220;off&#8220; parallax=&#8220;on&#8220; parallax_method=&#8220;off&#8220; custom_margin=&#8220;0px||0px||false|false&#8220; custom_padding=&#8220;0px||0px||false|false&#8220; global_colors_info=&#8220;{}&#8220;][et_pb_row column_structure=&#8220;1_4,1_4,1_4,1_4&#8243; _builder_version=&#8220;4.25.2&#8243; _module_preset=&#8220;default&#8220; width=&#8220;100%&#8220; max_width=&#8220;100%&#8220; custom_margin=&#8220;0px||0px||false|false&#8220; custom_padding=&#8220;0px||0px||false|false&#8220; global_colors_info=&#8220;{}&#8220;][et_pb_column type=&#8220;1_4&#8243; _builder_version=&#8220;4.25.2&#8243; _module_preset=&#8220;default&#8220; global_colors_info=&#8220;{}&#8220;][\/et_pb_column][et_pb_column type=&#8220;1_4&#8243; _builder_version=&#8220;4.25.2&#8243; _module_preset=&#8220;default&#8220; global_colors_info=&#8220;{}&#8220;][\/et_pb_column][et_pb_column type=&#8220;1_4&#8243; _builder_version=&#8220;4.25.2&#8243; _module_preset=&#8220;default&#8220; global_colors_info=&#8220;{}&#8220;][\/et_pb_column][et_pb_column type=&#8220;1_4&#8243; _builder_version=&#8220;4.25.2&#8243; _module_preset=&#8220;default&#8220; global_colors_info=&#8220;{}&#8220;][et_pb_image src=&#8220;https:\/\/www.tanzlokal-nina.com\/wp-content\/uploads\/2024\/07\/ab18.jpg&#8220; title_text=&#8220;ab18&#8243; _builder_version=&#8220;4.27.4&#8243; _module_preset=&#8220;default&#8220; custom_margin=&#8220;0px||0px||false|false&#8220; hover_enabled=&#8220;0&#8243; global_colors_info=&#8220;{}&#8220; sticky_enabled=&#8220;0&#8243;][\/et_pb_image][\/et_pb_column][\/et_pb_row][et_pb_row _builder_version=&#8220;4.25.2&#8243; _module_preset=&#8220;default&#8220; width=&#8220;100%&#8220; max_width=&#8220;100%&#8220; global_colors_info=&#8220;{}&#8220;][et_pb_column type=&#8220;4_4&#8243; _builder_version=&#8220;4.25.2&#8243; _module_preset=&#8220;default&#8220; global_colors_info=&#8220;{}&#8220;][et_pb_text _builder_version=&#8220;4.27.4&#8243; _module_preset=&#8220;default&#8220; text_font=&#8220;Arial||||||||&#8220; text_text_color=&#8220;#FFFFFF&#8220; global_colors_info=&#8220;{}&#8220;]<\/p>\n<p>\ud83c\udf89 Die Nacht der Stars \u2013 DIE R\u00dcCKKEHR! \ud83c\udfa4<br \/>\ud83d\udccd Tanzlokal NINA Bottrop<br \/>\ud83d\udcc5 Freitag, 22. August **SONDER\u00d6FFNUNGSTAG**<br \/>\u23f0 Einlass ab 20:00 Uhr<\/p>\n<p>13 Jahre lang war sie das w\u00f6chentliche Highlight f\u00fcr alle Schlagerfans: Die Nacht der Stars im legend\u00e4ren Tanzlokal NINA Bottrop. Woche f\u00fcr Woche standen hier die gr\u00f6\u00dften Namen der Szene auf der B\u00fchne \u2013 Und jetzt ist es endlich wieder so weit!<\/p>\n<p>\ud83d\udd25 Am 22. August feiern wir die gro\u00dfe R\u00fcckkehr \u2013 mit einem Abend voller Glanz, Glamour und ganz viel G\u00e4nsehaut. Und das Beste:<br \/>Ein absoluter Megastar der Schlagerszene wird live auf unserer B\u00fchne stehen! Kaum ein anderer hat den Popschlager so gepr\u00e4gt wie Er. Kaum ein anderer hat uns so viele Hits beschert wie Er\ud83c\udf99\ufe0f<\/p>\n<p>Wer es ist? DAS bleibt vorerst unser kleines Geheimnis&#8230; \ud83d\ude09<br \/>Aber so viel sei verraten:<br \/>\u2705 Goldene Schallplatten \u2714\ufe0f<br \/>\u2705 Platin Schallplatten \u2714\ufe0f<br \/>\u2705 Ausverkaufte Arena Konzerte \u2714\ufe0f<br \/>\u2705 Ohrwurmgarantie \u2714\ufe0f<\/p>\n<p>\u27a1\ufe0f Wer k\u00f6nnte es sein? Tippt mit, spekuliert, ratet mit euren Freunden \u2013 denn die Aufl\u00f6sung gibt es am Dienstag, den 20. August um 18:00 Uhr auf unseren Social-Media-Kan\u00e4len! \ud83d\udcf1\ud83d\udc40<\/p>\n<p>\ud83d\udc83\ud83d\udd7a Verpasst nicht DAS Schlager-Highlight des Jahres in Bottrop! Sichert euch ab Dienstag, 18:00 Uhr eure Tickets \u2013 und erlebt eine Nacht, \u00fcber die man noch lange sprechen wird!<\/p>\n<p>[\/et_pb_text][\/et_pb_column][\/et_pb_row][\/et_pb_section]<\/p>\n","protected":false},"excerpt":{"rendered":"<p>\ud83c\udf89 Die Nacht der Stars \u2013 DIE R\u00dcCKKEHR! \ud83c\udfa4\ud83d\udccd Tanzlokal NINA Bottrop\ud83d\udcc5 Freitag, 22. August **SONDER\u00d6FFNUNGSTAG**\u23f0 Einlass ab 20:00 Uhr 13 Jahre lang war sie das w\u00f6chentliche Highlight f\u00fcr alle [&hellip;]<\/p>\n","protected":false},"author":1,"featured_media":1234,"template":"","meta":{"_et_pb_use_builder":"on","_et_pb_old_content":"","_et_gb_content_width":"","_tribe_events_status":"","_tribe_events_status_reason":"","footnotes":""},"tags":[],"tribe_events_cat":[],"class_list":["post-1221","tribe_events","type-tribe_events","status-publish","has-post-thumbnail","hentry"],"_links":{"self":[{"href":"https:\/\/www.tanzlokal-nina.com\/index.php?rest_route=\/wp\/v2\/tribe_events\/1221","targetHints":{"allow":["GET"]}}],"collection":[{"href":"https:\/\/www.tanzlokal-nina.com\/index.php?rest_route=\/wp\/v2\/tribe_events"}],"about":[{"href":"https:\/\/www.tanzlokal-nina.com\/index.php?rest_route=\/wp\/v2\/types\/tribe_events"}],"author":[{"embeddable":true,"href":"https:\/\/www.tanzlokal-nina.com\/index.php?rest_route=\/wp\/v2\/users\/1"}],"version-history":[{"count":6,"href":"https:\/\/www.tanzlokal-nina.com\/index.php?rest_route=\/wp\/v2\/tribe_events\/1221\/revisions"}],"predecessor-version":[{"id":1245,"href":"https:\/\/www.tanzlokal-nina.com\/index.php?rest_route=\/wp\/v2\/tribe_events\/1221\/revisions\/1245"}],"wp:featuredmedia":[{"embeddable":true,"href":"https:\/\/www.tanzlokal-nina.com\/index.php?rest_route=\/wp\/v2\/media\/1234"}],"wp:attachment":[{"href":"https:\/\/www.tanzlokal-nina.com\/index.php?rest_route=%2Fwp%2Fv2%2Fmedia&parent=1221"}],"wp:term":[{"taxonomy":"post_tag","embeddable":true,"href":"https:\/\/www.tanzlokal-nina.com\/index.php?rest_route=%2Fwp%2Fv2%2Ftags&post=1221"},{"taxonomy":"tribe_events_cat","embeddable":true,"href":"https:\/\/www.tanzlokal-nina.com\/index.php?rest_route=%2Fwp%2Fv2%2Ftribe_events_cat&post=1221"}],"curies":[{"name":"wp","href":"https:\/\/api.w.org\/{rel}","templated":true}]}}

<p>[et_pb_section fb_built=&#8220;1&#8243; _builder_version=&#8220;4.25.2&#8243; _module_preset=&#8220;default&#8220; background_color=&#8220;RGBA(255,255,255,0)&#8220; background_enable_image=&#8220;off&#8220; parallax=&#8220;on&#8220; parallax_method=&#8220;off&#8220; custom_margin=&#8220;0px||0px||false|false&#8220; custom_padding=&#8220;0px||0px||false|false&#8220; global_colors_info=&#8220;{}&#8220;][et_pb_row column_structure=&#8220;1_4,1_4,1_4,1_4&#8243; _builder_version=&#8220;4.25.2&#8243; _module_preset=&#8220;default&#8220; width=&#8220;100%&#8220; max_width=&#8220;100%&#8220; custom_margin=&#8220;0px||0px||false|false&#8220; custom_padding=&#8220;0px||0px||false|false&#8220; global_colors_info=&#8220;{}&#8220;][et_pb_column type=&#8220;1_4&#8243; _builder_version=&#8220;4.25.2&#8243; _module_preset=&#8220;default&#8220; global_colors_info=&#8220;{}&#8220;][/et_pb_column][et_pb_column type=&#8220;1_4&#8243; _builder_version=&#8220;4.25.2&#8243; _module_preset=&#8220;default&#8220; global_colors_info=&#8220;{}&#8220;][/et_pb_column][et_pb_column type=&#8220;1_4&#8243; _builder_version=&#8220;4.25.2&#8243; _module_preset=&#8220;default&#8220; global_colors_info=&#8220;{}&#8220;][/et_pb_column][et_pb_column type=&#8220;1_4&#8243; _builder_version=&#8220;4.25.2&#8243; _module_preset=&#8220;default&#8220; global_colors_info=&#8220;{}&#8220;][et_pb_image src=&#8220;https://www.tanzlokal-nina.com/wp-content/uploads/2024/07/ab18.jpg&#8220; title_text=&#8220;ab18&#8243; _builder_version=&#8220;4.27.4&#8243; _module_preset=&#8220;default&#8220; custom_margin=&#8220;0px||0px||false|false&#8220; hover_enabled=&#8220;0&#8243; global_colors_info=&#8220;{}&#8220; sticky_enabled=&#8220;0&#8243;][/et_pb_image][/et_pb_column][/et_pb_row][et_pb_row _builder_version=&#8220;4.25.2&#8243; _module_preset=&#8220;default&#8220; width=&#8220;100%&#8220; max_width=&#8220;100%&#8220; global_colors_info=&#8220;{}&#8220;][et_pb_column type=&#8220;4_4&#8243; _builder_version=&#8220;4.25.2&#8243; _module_preset=&#8220;default&#8220; global_colors_info=&#8220;{}&#8220;][et_pb_text _builder_version=&#8220;4.27.4&#8243; _module_preset=&#8220;default&#8220; text_font=&#8220;Arial||||||||&#8220; text_text_color=&#8220;#FFFFFF&#8220; global_colors_info=&#8220;{}&#8220;]</p>
<p>🎉 Die Nacht der Stars – DIE RÜCKKEHR! 🎤<br />📍 Tanzlokal NINA Bottrop<br />📅 Freitag, 22. August **SONDERÖFFNUNGSTAG**<br />⏰ Einlass ab 20:00 Uhr</p>
<p>13 Jahre lang war sie das wöchentliche Highlight für alle Schlagerfans: Die Nacht der Stars im legendären Tanzlokal NINA Bottrop. Woche für Woche standen hier die größten Namen der Szene auf der Bühne – Und jetzt ist es endlich wieder so weit!</p>
<p>🔥 Am 22. August feiern wir die große Rückkehr – mit einem Abend voller Glanz, Glamour und ganz viel Gänsehaut. Und das Beste:<br />Ein absoluter Megastar der Schlagerszene wird live auf unserer Bühne stehen! Kaum ein anderer hat den Popschlager so geprägt wie Er. Kaum ein anderer hat uns so viele Hits beschert wie Er🎙️</p>
<p>Wer es ist? DAS bleibt vorerst unser kleines Geheimnis&#8230; 😉<br />Aber so viel sei verraten:<br />✅ Goldene Schallplatten ✔️<br />✅ Platin Schallplatten ✔️<br />✅ Ausverkaufte Arena Konzerte ✔️<br />✅ Ohrwurmgarantie ✔️</p>
<p>➡️ Wer könnte es sein? Tippt mit, spekuliert, ratet mit euren Freunden – denn die Auflösung gibt es am Dienstag, den 20. August um 18:00 Uhr auf unseren Social-Media-Kanälen! 📱👀</p>
<p>💃🕺 Verpasst nicht DAS Schlager-Highlight des Jahres in Bottrop! Sichert euch ab Dienstag, 18:00 Uhr eure Tickets – und erlebt eine Nacht, über die man noch lange sprechen wird!</p>
<p>[/et_pb_text][/et_pb_column][/et_pb_row][/et_pb_section]</p>

<p>🎉 Die Nacht der Stars – DIE RÜCKKEHR! 🎤📍 Tanzlokal NINA Bottrop📅 Freitag, 22. August **SONDERÖFFNUNGSTAG**⏰ Einlass ab 20:00 Uhr 13 Jahre lang war sie das wöchentliche Highlight für alle [&hellip;]</p>
