{"id":1202,"date":"2025-07-22T13:54:04","date_gmt":"2025-07-22T11:54:04","guid":{"rendered":"https:\/\/www.tanzlokal-nina.com\/?post_type=tribe_events&#038;p=1202"},"modified":"2025-07-22T13:54:24","modified_gmt":"2025-07-22T11:54:24","slug":"nia-loves-the-90s","status":"publish","type":"tribe_events","link":"https:\/\/www.tanzlokal-nina.com\/?tribe_events=nia-loves-the-90s","title":{"rendered":"NIA Loves the 90s"},"content":{"rendered":"<p>[et_pb_section fb_built=&#8220;1&#8243; _builder_version=&#8220;4.25.2&#8243; _module_preset=&#8220;default&#8220; background_color=&#8220;RGBA(255,255,255,0)&#8220; background_enable_image=&#8220;off&#8220; parallax=&#8220;on&#8220; parallax_method=&#8220;off&#8220; custom_margin=&#8220;0px||0px||false|false&#8220; custom_padding=&#8220;0px||0px||false|false&#8220; global_colors_info=&#8220;{}&#8220;][et_pb_row column_structure=&#8220;1_4,1_4,1_4,1_4&#8243; _builder_version=&#8220;4.25.2&#8243; _module_preset=&#8220;default&#8220; width=&#8220;100%&#8220; max_width=&#8220;100%&#8220; custom_margin=&#8220;0px||0px||false|false&#8220; custom_padding=&#8220;0px||0px||false|false&#8220; global_colors_info=&#8220;{}&#8220;][et_pb_column type=&#8220;1_4&#8243; _builder_version=&#8220;4.25.2&#8243; _module_preset=&#8220;default&#8220; global_colors_info=&#8220;{}&#8220;][\/et_pb_column][et_pb_column type=&#8220;1_4&#8243; _builder_version=&#8220;4.25.2&#8243; _module_preset=&#8220;default&#8220; global_colors_info=&#8220;{}&#8220;][\/et_pb_column][et_pb_column type=&#8220;1_4&#8243; _builder_version=&#8220;4.25.2&#8243; _module_preset=&#8220;default&#8220; global_colors_info=&#8220;{}&#8220;][et_pb_image src=&#8220;https:\/\/www.tanzlokal-nina.com\/wp-content\/uploads\/2024\/07\/Gruppenspecial.jpg&#8220; title_text=&#8220;Gruppenspecial&#8220; url=&#8220;https:\/\/www.tanzlokal-nina.com\/?page_id=306&#8243; _builder_version=&#8220;4.26.0&#8243; _module_preset=&#8220;default&#8220; custom_margin=&#8220;0px||0px||false|false&#8220; global_colors_info=&#8220;{}&#8220;][\/et_pb_image][\/et_pb_column][et_pb_column type=&#8220;1_4&#8243; _builder_version=&#8220;4.25.2&#8243; _module_preset=&#8220;default&#8220; global_colors_info=&#8220;{}&#8220;][et_pb_image src=&#8220;https:\/\/www.tanzlokal-nina.com\/wp-content\/uploads\/2024\/07\/ab18.jpg&#8220; title_text=&#8220;ab18&#8243; _builder_version=&#8220;4.25.2&#8243; _module_preset=&#8220;default&#8220; custom_margin=&#8220;0px||0px||false|false&#8220; global_colors_info=&#8220;{}&#8220;][\/et_pb_image][\/et_pb_column][\/et_pb_row][et_pb_row _builder_version=&#8220;4.25.2&#8243; _module_preset=&#8220;default&#8220; width=&#8220;100%&#8220; max_width=&#8220;100%&#8220; global_colors_info=&#8220;{}&#8220;][et_pb_column type=&#8220;4_4&#8243; _builder_version=&#8220;4.25.2&#8243; _module_preset=&#8220;default&#8220; global_colors_info=&#8220;{}&#8220;][et_pb_text _builder_version=&#8220;4.27.4&#8243; _module_preset=&#8220;default&#8220; text_font=&#8220;Arial||||||||&#8220; text_text_color=&#8220;#FFFFFF&#8220; global_colors_info=&#8220;{}&#8220;]<\/p>\n<p><span class=\"x193iq5w xeuugli x13faqbe x1vvkbs x1xmvt09 x1lliihq x1s928wv xhkezso x1gmr53x x1cpjm7i x1fgarty x1943h6x xudqn12 x3x7a5m x6prxxf xvq8zen xo1l8bm xzsf02u\" dir=\"auto\">Wir erinnern uns zur\u00fcck an eine legend\u00e4re Zeit und unsere DJs haben die \u00fcblichen Verd\u00e4chtigen mit im Gep\u00e4ck. Heute kommt alles auf den Plattenteller, was damals total angesagt war und heute noch immer f\u00fcr geniale Stimmung sorgt.<br class=\"html-br\" \/>Wenn DJ Bobo mi Madonna loslegt und die Backstreet Boys die Spice Girls herausfordern, wenn Fanta 4 zum Duett mit Loona ansetzen und Coolio zu den Vengaboys rappt, w\u00e4hrend Dr. Alban mit Bl\u00fcmchen flirtet, dann bleibt kein Tanzbein mehr still und die Erinnerungen werden wach. Mitsingen dringend erw\u00fcnscht! Diese Party ist Kult! M\u00f6ge diese Nacht Niemals enden.<br class=\"html-br\" \/><span class=\"html-span xexx8yu xyri2b x18d9i69 x1c1uobl x1hl2dhg x16tdsg8 x1vvkbs x3nfvp2 x1j61x8r x1fcty0u xdj266r xat24cr xm2jcoa x1mpyi22 xxymvpz xlup9mm x1kky2od\"><img loading=\"lazy\" decoding=\"async\" class=\"xz74otr x15mokao x1ga7v0g x16uus16 xbiv7yw\" src=\"https:\/\/static.xx.fbcdn.net\/images\/emoji.php\/v9\/t40\/1\/16\/25b6.png\" alt=\"\u25b6\ufe0f\" width=\"16\" height=\"16\" \/><\/span> Royal Suite: Das Beste aus nationalen und internationalen Discofox DJ Moussa<br class=\"html-br\" \/><span class=\"html-span xexx8yu xyri2b x18d9i69 x1c1uobl x1hl2dhg x16tdsg8 x1vvkbs x3nfvp2 x1j61x8r x1fcty0u xdj266r xat24cr xm2jcoa x1mpyi22 xxymvpz xlup9mm x1kky2od\"><img loading=\"lazy\" decoding=\"async\" class=\"xz74otr x15mokao x1ga7v0g x16uus16 xbiv7yw\" src=\"https:\/\/static.xx.fbcdn.net\/images\/emoji.php\/v9\/t40\/1\/16\/25b6.png\" alt=\"\u25b6\ufe0f\" width=\"16\" height=\"16\" \/><\/span> Stadl: das Beste der 90er mit Speedy<br class=\"html-br\" \/>&#8211; &#8211; &#8211; &#8211; &#8211; &#8211; &#8211; &#8211; &#8211; &#8211; &#8211; &#8211;<br class=\"html-br\" \/>Einlass: ab 18 Jahren<br class=\"html-br\" \/>Start: 21:00 Uhr<\/span><\/p>\n<p>[\/et_pb_text][\/et_pb_column][\/et_pb_row][\/et_pb_section]<\/p>\n","protected":false},"excerpt":{"rendered":"<p>Wir erinnern uns zur\u00fcck an eine legend\u00e4re Zeit und unsere DJs haben die \u00fcblichen Verd\u00e4chtigen mit im Gep\u00e4ck. Heute kommt alles auf den Plattenteller, was damals total angesagt war und [&hellip;]<\/p>\n","protected":false},"author":1,"featured_media":1193,"template":"","meta":{"_et_pb_use_builder":"on","_et_pb_old_content":"","_et_gb_content_width":"","_tribe_events_status":"","_tribe_events_status_reason":"","footnotes":""},"tags":[],"tribe_events_cat":[],"class_list":["post-1202","tribe_events","type-tribe_events","status-publish","has-post-thumbnail","hentry"],"_links":{"self":[{"href":"https:\/\/www.tanzlokal-nina.com\/index.php?rest_route=\/wp\/v2\/tribe_events\/1202","targetHints":{"allow":["GET"]}}],"collection":[{"href":"https:\/\/www.tanzlokal-nina.com\/index.php?rest_route=\/wp\/v2\/tribe_events"}],"about":[{"href":"https:\/\/www.tanzlokal-nina.com\/index.php?rest_route=\/wp\/v2\/types\/tribe_events"}],"author":[{"embeddable":true,"href":"https:\/\/www.tanzlokal-nina.com\/index.php?rest_route=\/wp\/v2\/users\/1"}],"version-history":[{"count":3,"href":"https:\/\/www.tanzlokal-nina.com\/index.php?rest_route=\/wp\/v2\/tribe_events\/1202\/revisions"}],"predecessor-version":[{"id":1206,"href":"https:\/\/www.tanzlokal-nina.com\/index.php?rest_route=\/wp\/v2\/tribe_events\/1202\/revisions\/1206"}],"wp:featuredmedia":[{"embeddable":true,"href":"https:\/\/www.tanzlokal-nina.com\/index.php?rest_route=\/wp\/v2\/media\/1193"}],"wp:attachment":[{"href":"https:\/\/www.tanzlokal-nina.com\/index.php?rest_route=%2Fwp%2Fv2%2Fmedia&parent=1202"}],"wp:term":[{"taxonomy":"post_tag","embeddable":true,"href":"https:\/\/www.tanzlokal-nina.com\/index.php?rest_route=%2Fwp%2Fv2%2Ftags&post=1202"},{"taxonomy":"tribe_events_cat","embeddable":true,"href":"https:\/\/www.tanzlokal-nina.com\/index.php?rest_route=%2Fwp%2Fv2%2Ftribe_events_cat&post=1202"}],"curies":[{"name":"wp","href":"https:\/\/api.w.org\/{rel}","templated":true}]}}

<p>[et_pb_section fb_built=&#8220;1&#8243; _builder_version=&#8220;4.25.2&#8243; _module_preset=&#8220;default&#8220; background_color=&#8220;RGBA(255,255,255,0)&#8220; background_enable_image=&#8220;off&#8220; parallax=&#8220;on&#8220; parallax_method=&#8220;off&#8220; custom_margin=&#8220;0px||0px||false|false&#8220; custom_padding=&#8220;0px||0px||false|false&#8220; global_colors_info=&#8220;{}&#8220;][et_pb_row column_structure=&#8220;1_4,1_4,1_4,1_4&#8243; _builder_version=&#8220;4.25.2&#8243; _module_preset=&#8220;default&#8220; width=&#8220;100%&#8220; max_width=&#8220;100%&#8220; custom_margin=&#8220;0px||0px||false|false&#8220; custom_padding=&#8220;0px||0px||false|false&#8220; global_colors_info=&#8220;{}&#8220;][et_pb_column type=&#8220;1_4&#8243; _builder_version=&#8220;4.25.2&#8243; _module_preset=&#8220;default&#8220; global_colors_info=&#8220;{}&#8220;][/et_pb_column][et_pb_column type=&#8220;1_4&#8243; _builder_version=&#8220;4.25.2&#8243; _module_preset=&#8220;default&#8220; global_colors_info=&#8220;{}&#8220;][/et_pb_column][et_pb_column type=&#8220;1_4&#8243; _builder_version=&#8220;4.25.2&#8243; _module_preset=&#8220;default&#8220; global_colors_info=&#8220;{}&#8220;][et_pb_image src=&#8220;https://www.tanzlokal-nina.com/wp-content/uploads/2024/07/Gruppenspecial.jpg&#8220; title_text=&#8220;Gruppenspecial&#8220; url=&#8220;https://www.tanzlokal-nina.com/?page_id=306&#8243; _builder_version=&#8220;4.26.0&#8243; _module_preset=&#8220;default&#8220; custom_margin=&#8220;0px||0px||false|false&#8220; global_colors_info=&#8220;{}&#8220;][/et_pb_image][/et_pb_column][et_pb_column type=&#8220;1_4&#8243; _builder_version=&#8220;4.25.2&#8243; _module_preset=&#8220;default&#8220; global_colors_info=&#8220;{}&#8220;][et_pb_image src=&#8220;https://www.tanzlokal-nina.com/wp-content/uploads/2024/07/ab18.jpg&#8220; title_text=&#8220;ab18&#8243; _builder_version=&#8220;4.25.2&#8243; _module_preset=&#8220;default&#8220; custom_margin=&#8220;0px||0px||false|false&#8220; global_colors_info=&#8220;{}&#8220;][/et_pb_image][/et_pb_column][/et_pb_row][et_pb_row _builder_version=&#8220;4.25.2&#8243; _module_preset=&#8220;default&#8220; width=&#8220;100%&#8220; max_width=&#8220;100%&#8220; global_colors_info=&#8220;{}&#8220;][et_pb_column type=&#8220;4_4&#8243; _builder_version=&#8220;4.25.2&#8243; _module_preset=&#8220;default&#8220; global_colors_info=&#8220;{}&#8220;][et_pb_text _builder_version=&#8220;4.27.4&#8243; _module_preset=&#8220;default&#8220; text_font=&#8220;Arial||||||||&#8220; text_text_color=&#8220;#FFFFFF&#8220; global_colors_info=&#8220;{}&#8220;]</p>
<p><span class="x193iq5w xeuugli x13faqbe x1vvkbs x1xmvt09 x1lliihq x1s928wv xhkezso x1gmr53x x1cpjm7i x1fgarty x1943h6x xudqn12 x3x7a5m x6prxxf xvq8zen xo1l8bm xzsf02u" dir="auto">Wir erinnern uns zurück an eine legendäre Zeit und unsere DJs haben die üblichen Verdächtigen mit im Gepäck. Heute kommt alles auf den Plattenteller, was damals total angesagt war und heute noch immer für geniale Stimmung sorgt.<br class="html-br" />Wenn DJ Bobo mi Madonna loslegt und die Backstreet Boys die Spice Girls herausfordern, wenn Fanta 4 zum Duett mit Loona ansetzen und Coolio zu den Vengaboys rappt, während Dr. Alban mit Blümchen flirtet, dann bleibt kein Tanzbein mehr still und die Erinnerungen werden wach. Mitsingen dringend erwünscht! Diese Party ist Kult! Möge diese Nacht Niemals enden.<br class="html-br" /><span class="html-span xexx8yu xyri2b x18d9i69 x1c1uobl x1hl2dhg x16tdsg8 x1vvkbs x3nfvp2 x1j61x8r x1fcty0u xdj266r xat24cr xm2jcoa x1mpyi22 xxymvpz xlup9mm x1kky2od"><img loading="lazy" decoding="async" class="xz74otr x15mokao x1ga7v0g x16uus16 xbiv7yw" src="https://static.xx.fbcdn.net/images/emoji.php/v9/t40/1/16/25b6.png" alt="▶️" width="16" height="16" /></span> Royal Suite: Das Beste aus nationalen und internationalen Discofox DJ Moussa<br class="html-br" /><span class="html-span xexx8yu xyri2b x18d9i69 x1c1uobl x1hl2dhg x16tdsg8 x1vvkbs x3nfvp2 x1j61x8r x1fcty0u xdj266r xat24cr xm2jcoa x1mpyi22 xxymvpz xlup9mm x1kky2od"><img loading="lazy" decoding="async" class="xz74otr x15mokao x1ga7v0g x16uus16 xbiv7yw" src="https://static.xx.fbcdn.net/images/emoji.php/v9/t40/1/16/25b6.png" alt="▶️" width="16" height="16" /></span> Stadl: das Beste der 90er mit Speedy<br class="html-br" />&#8211; &#8211; &#8211; &#8211; &#8211; &#8211; &#8211; &#8211; &#8211; &#8211; &#8211; &#8211;<br class="html-br" />Einlass: ab 18 Jahren<br class="html-br" />Start: 21:00 Uhr</span></p>
<p>[/et_pb_text][/et_pb_column][/et_pb_row][/et_pb_section]</p>

<p>Wir erinnern uns zurück an eine legendäre Zeit und unsere DJs haben die üblichen Verdächtigen mit im Gepäck. Heute kommt alles auf den Plattenteller, was damals total angesagt war und [&hellip;]</p>
