{"id":1188,"date":"2025-07-22T13:47:09","date_gmt":"2025-07-22T11:47:09","guid":{"rendered":"https:\/\/www.tanzlokal-nina.com\/?post_type=tribe_events&#038;p=1188"},"modified":"2025-07-22T13:51:01","modified_gmt":"2025-07-22T11:51:01","slug":"radio-paloma-discofox-nacht-2","status":"publish","type":"tribe_events","link":"https:\/\/www.tanzlokal-nina.com\/?tribe_events=radio-paloma-discofox-nacht-2","title":{"rendered":"Radio Paloma Discofox Nacht"},"content":{"rendered":"<p>[et_pb_section fb_built=&#8220;1&#8243; _builder_version=&#8220;4.25.2&#8243; _module_preset=&#8220;default&#8220; background_color=&#8220;RGBA(255,255,255,0)&#8220; background_enable_image=&#8220;off&#8220; parallax=&#8220;on&#8220; parallax_method=&#8220;off&#8220; custom_margin=&#8220;0px||0px||false|false&#8220; custom_padding=&#8220;0px||0px||false|false&#8220; global_colors_info=&#8220;{}&#8220;][et_pb_row column_structure=&#8220;1_4,1_4,1_4,1_4&#8243; _builder_version=&#8220;4.25.2&#8243; _module_preset=&#8220;default&#8220; width=&#8220;100%&#8220; max_width=&#8220;100%&#8220; custom_margin=&#8220;0px||0px||false|false&#8220; custom_padding=&#8220;0px||0px||false|false&#8220; global_colors_info=&#8220;{}&#8220;][et_pb_column type=&#8220;1_4&#8243; _builder_version=&#8220;4.25.2&#8243; _module_preset=&#8220;default&#8220; global_colors_info=&#8220;{}&#8220;][\/et_pb_column][et_pb_column type=&#8220;1_4&#8243; _builder_version=&#8220;4.25.2&#8243; _module_preset=&#8220;default&#8220; global_colors_info=&#8220;{}&#8220;][et_pb_image src=&#8220;https:\/\/www.tanzlokal-nina.com\/wp-content\/uploads\/2024\/11\/Tickets.jpg&#8220; title_text=&#8220;Tickets&#8220; url=&#8220;https:\/\/diginights.com\/ticket\/2025-08-02-radio-paloma-discofox-nacht-tanzlokal-nina\/step\/1&#8243; _builder_version=&#8220;4.27.4&#8243; _module_preset=&#8220;default&#8220; custom_margin=&#8220;0px||0px||false|false&#8220; hover_enabled=&#8220;0&#8243; global_colors_info=&#8220;{}&#8220; url_new_window=&#8220;on&#8220; sticky_enabled=&#8220;0&#8243;][\/et_pb_image][\/et_pb_column][et_pb_column type=&#8220;1_4&#8243; _builder_version=&#8220;4.25.2&#8243; _module_preset=&#8220;default&#8220; global_colors_info=&#8220;{}&#8220;][et_pb_image src=&#8220;https:\/\/www.tanzlokal-nina.com\/wp-content\/uploads\/2024\/07\/Gruppenspecial.jpg&#8220; title_text=&#8220;Gruppenspecial&#8220; url=&#8220;https:\/\/www.tanzlokal-nina.com\/?page_id=306&#8243; _builder_version=&#8220;4.26.0&#8243; _module_preset=&#8220;default&#8220; custom_margin=&#8220;0px||0px||false|false&#8220; global_colors_info=&#8220;{}&#8220;][\/et_pb_image][\/et_pb_column][et_pb_column type=&#8220;1_4&#8243; _builder_version=&#8220;4.25.2&#8243; _module_preset=&#8220;default&#8220; global_colors_info=&#8220;{}&#8220;][et_pb_image src=&#8220;https:\/\/www.tanzlokal-nina.com\/wp-content\/uploads\/2024\/07\/ab18.jpg&#8220; title_text=&#8220;ab18&#8243; _builder_version=&#8220;4.25.2&#8243; _module_preset=&#8220;default&#8220; custom_margin=&#8220;0px||0px||false|false&#8220; global_colors_info=&#8220;{}&#8220;][\/et_pb_image][\/et_pb_column][\/et_pb_row][et_pb_row _builder_version=&#8220;4.25.2&#8243; _module_preset=&#8220;default&#8220; width=&#8220;100%&#8220; max_width=&#8220;100%&#8220; global_colors_info=&#8220;{}&#8220;][et_pb_column type=&#8220;4_4&#8243; _builder_version=&#8220;4.25.2&#8243; _module_preset=&#8220;default&#8220; global_colors_info=&#8220;{}&#8220;][et_pb_text _builder_version=&#8220;4.27.4&#8243; _module_preset=&#8220;default&#8220; text_font=&#8220;Arial||||||||&#8220; text_text_color=&#8220;#FFFFFF&#8220; global_colors_info=&#8220;{}&#8220;]<\/p>\n<div class=\"xdj266r x14z9mp xat24cr x1lziwak x1vvkbs\">F\u00fcr die einen ist es nur Schritt, Schritt, Tap &#8211; F\u00fcr uns ist es die Radio Paloma Discofox-Nacht<\/div>\n<div class=\"x14z9mp xat24cr x1lziwak x1vvkbs xtlvy1s\">Am Samstag, den 02. August, l\u00e4dt das Tanzlokal NINA gemeinsam mit dem Radiosender \u201eRadio Paloma\u201c erneut alle Discofox-Fans und Tanzbegeisterten ein, die Nacht zum Tag zu machen. Ab 21 Uhr wird zu deutschen Schlagern das Tanzbein geschwungen \u2013 und das bis tief in die Nacht!<br class=\"html-br\" \/>Der Eintritt kostet nur 10 Euro und ist sowohl online unter <a class=\"x1i10hfl xjbqb8w x1ejq31n x18oe1m7 x1sy0etr xstzfhl x972fbf x10w94by x1qhh985 x14e42zd x9f619 x1ypdohk xt0psk2 xe8uvvx xdj266r x14z9mp xat24cr x1lziwak xexx8yu xyri2b x18d9i69 x1c1uobl x16tdsg8 x1hl2dhg xggy1nq x1a2a7pz xkrqix3 x1sur9pj x1fey0fg x1s688f\" tabindex=\"0\" role=\"link\" href=\"http:\/\/www.tanzlokal-nina.com\/?fbclid=IwZXh0bgNhZW0CMTAAYnJpZBEwTzJZbVhXYlJUb3pvdVpTOAEeR850B1WR0rJdJj9_wtuvLRGjtFXWgZE1lfxePm06EQMnl3pzGLLH_39lLOw_aem_Lsw49l8a_tlitqPzk3B7AA\" target=\"_blank\" rel=\"nofollow noopener noreferrer\">www.tanzlokal-nina.com<\/a> erh\u00e4ltlich als auch an der Abendkasse verf\u00fcgbar.<br class=\"html-br\" \/>Sei dabei, wenn Bottrop den Discofox feiert \u2013 wir freuen uns auf eine tolle Nacht voller Musik, Tanz und guter Stimmung!<\/div>\n<div class=\"x14z9mp xat24cr x1lziwak x1vvkbs xtlvy1s\">Royal Suite: Das Beste aus nationalen und internationalen Discofox mit DJ Meik &amp; DJ Brainstorm<br class=\"html-br\" \/>Stadl: Lieblingslieder &amp; die Ohrw\u00fcrmer aus den 90ern bis heute mit Speedy<br class=\"html-br\" \/>&#8211; &#8211; &#8211; &#8211; &#8211; &#8211; &#8211; &#8211; &#8211; &#8211; &#8211; &#8211;<br class=\"html-br\" \/>Einlass: ab 18 Jahren<br class=\"html-br\" \/>Start: 21:00 Uhr<\/div>\n<p>[\/et_pb_text][\/et_pb_column][\/et_pb_row][\/et_pb_section]<\/p>\n","protected":false},"excerpt":{"rendered":"<p>F\u00fcr die einen ist es nur Schritt, Schritt, Tap &#8211; F\u00fcr uns ist es die Radio Paloma Discofox-Nacht Am Samstag, den 02. August, l\u00e4dt das Tanzlokal NINA gemeinsam mit dem [&hellip;]<\/p>\n","protected":false},"author":1,"featured_media":1191,"template":"","meta":{"_et_pb_use_builder":"on","_et_pb_old_content":"","_et_gb_content_width":"","_tribe_events_status":"","_tribe_events_status_reason":"","footnotes":""},"tags":[],"tribe_events_cat":[],"class_list":["post-1188","tribe_events","type-tribe_events","status-publish","has-post-thumbnail","hentry"],"_links":{"self":[{"href":"https:\/\/www.tanzlokal-nina.com\/index.php?rest_route=\/wp\/v2\/tribe_events\/1188","targetHints":{"allow":["GET"]}}],"collection":[{"href":"https:\/\/www.tanzlokal-nina.com\/index.php?rest_route=\/wp\/v2\/tribe_events"}],"about":[{"href":"https:\/\/www.tanzlokal-nina.com\/index.php?rest_route=\/wp\/v2\/types\/tribe_events"}],"author":[{"embeddable":true,"href":"https:\/\/www.tanzlokal-nina.com\/index.php?rest_route=\/wp\/v2\/users\/1"}],"version-history":[{"count":3,"href":"https:\/\/www.tanzlokal-nina.com\/index.php?rest_route=\/wp\/v2\/tribe_events\/1188\/revisions"}],"predecessor-version":[{"id":1197,"href":"https:\/\/www.tanzlokal-nina.com\/index.php?rest_route=\/wp\/v2\/tribe_events\/1188\/revisions\/1197"}],"wp:featuredmedia":[{"embeddable":true,"href":"https:\/\/www.tanzlokal-nina.com\/index.php?rest_route=\/wp\/v2\/media\/1191"}],"wp:attachment":[{"href":"https:\/\/www.tanzlokal-nina.com\/index.php?rest_route=%2Fwp%2Fv2%2Fmedia&parent=1188"}],"wp:term":[{"taxonomy":"post_tag","embeddable":true,"href":"https:\/\/www.tanzlokal-nina.com\/index.php?rest_route=%2Fwp%2Fv2%2Ftags&post=1188"},{"taxonomy":"tribe_events_cat","embeddable":true,"href":"https:\/\/www.tanzlokal-nina.com\/index.php?rest_route=%2Fwp%2Fv2%2Ftribe_events_cat&post=1188"}],"curies":[{"name":"wp","href":"https:\/\/api.w.org\/{rel}","templated":true}]}}

<p>[et_pb_section fb_built=&#8220;1&#8243; _builder_version=&#8220;4.25.2&#8243; _module_preset=&#8220;default&#8220; background_color=&#8220;RGBA(255,255,255,0)&#8220; background_enable_image=&#8220;off&#8220; parallax=&#8220;on&#8220; parallax_method=&#8220;off&#8220; custom_margin=&#8220;0px||0px||false|false&#8220; custom_padding=&#8220;0px||0px||false|false&#8220; global_colors_info=&#8220;{}&#8220;][et_pb_row column_structure=&#8220;1_4,1_4,1_4,1_4&#8243; _builder_version=&#8220;4.25.2&#8243; _module_preset=&#8220;default&#8220; width=&#8220;100%&#8220; max_width=&#8220;100%&#8220; custom_margin=&#8220;0px||0px||false|false&#8220; custom_padding=&#8220;0px||0px||false|false&#8220; global_colors_info=&#8220;{}&#8220;][et_pb_column type=&#8220;1_4&#8243; _builder_version=&#8220;4.25.2&#8243; _module_preset=&#8220;default&#8220; global_colors_info=&#8220;{}&#8220;][/et_pb_column][et_pb_column type=&#8220;1_4&#8243; _builder_version=&#8220;4.25.2&#8243; _module_preset=&#8220;default&#8220; global_colors_info=&#8220;{}&#8220;][et_pb_image src=&#8220;https://www.tanzlokal-nina.com/wp-content/uploads/2024/11/Tickets.jpg&#8220; title_text=&#8220;Tickets&#8220; url=&#8220;https://diginights.com/ticket/2025-08-02-radio-paloma-discofox-nacht-tanzlokal-nina/step/1&#8243; _builder_version=&#8220;4.27.4&#8243; _module_preset=&#8220;default&#8220; custom_margin=&#8220;0px||0px||false|false&#8220; hover_enabled=&#8220;0&#8243; global_colors_info=&#8220;{}&#8220; url_new_window=&#8220;on&#8220; sticky_enabled=&#8220;0&#8243;][/et_pb_image][/et_pb_column][et_pb_column type=&#8220;1_4&#8243; _builder_version=&#8220;4.25.2&#8243; _module_preset=&#8220;default&#8220; global_colors_info=&#8220;{}&#8220;][et_pb_image src=&#8220;https://www.tanzlokal-nina.com/wp-content/uploads/2024/07/Gruppenspecial.jpg&#8220; title_text=&#8220;Gruppenspecial&#8220; url=&#8220;https://www.tanzlokal-nina.com/?page_id=306&#8243; _builder_version=&#8220;4.26.0&#8243; _module_preset=&#8220;default&#8220; custom_margin=&#8220;0px||0px||false|false&#8220; global_colors_info=&#8220;{}&#8220;][/et_pb_image][/et_pb_column][et_pb_column type=&#8220;1_4&#8243; _builder_version=&#8220;4.25.2&#8243; _module_preset=&#8220;default&#8220; global_colors_info=&#8220;{}&#8220;][et_pb_image src=&#8220;https://www.tanzlokal-nina.com/wp-content/uploads/2024/07/ab18.jpg&#8220; title_text=&#8220;ab18&#8243; _builder_version=&#8220;4.25.2&#8243; _module_preset=&#8220;default&#8220; custom_margin=&#8220;0px||0px||false|false&#8220; global_colors_info=&#8220;{}&#8220;][/et_pb_image][/et_pb_column][/et_pb_row][et_pb_row _builder_version=&#8220;4.25.2&#8243; _module_preset=&#8220;default&#8220; width=&#8220;100%&#8220; max_width=&#8220;100%&#8220; global_colors_info=&#8220;{}&#8220;][et_pb_column type=&#8220;4_4&#8243; _builder_version=&#8220;4.25.2&#8243; _module_preset=&#8220;default&#8220; global_colors_info=&#8220;{}&#8220;][et_pb_text _builder_version=&#8220;4.27.4&#8243; _module_preset=&#8220;default&#8220; text_font=&#8220;Arial||||||||&#8220; text_text_color=&#8220;#FFFFFF&#8220; global_colors_info=&#8220;{}&#8220;]</p>
<div class="xdj266r x14z9mp xat24cr x1lziwak x1vvkbs">Für die einen ist es nur Schritt, Schritt, Tap &#8211; Für uns ist es die Radio Paloma Discofox-Nacht</div>
<div class="x14z9mp xat24cr x1lziwak x1vvkbs xtlvy1s">Am Samstag, den 02. August, lädt das Tanzlokal NINA gemeinsam mit dem Radiosender „Radio Paloma“ erneut alle Discofox-Fans und Tanzbegeisterten ein, die Nacht zum Tag zu machen. Ab 21 Uhr wird zu deutschen Schlagern das Tanzbein geschwungen – und das bis tief in die Nacht!<br class="html-br" />Der Eintritt kostet nur 10 Euro und ist sowohl online unter <a class="x1i10hfl xjbqb8w x1ejq31n x18oe1m7 x1sy0etr xstzfhl x972fbf x10w94by x1qhh985 x14e42zd x9f619 x1ypdohk xt0psk2 xe8uvvx xdj266r x14z9mp xat24cr x1lziwak xexx8yu xyri2b x18d9i69 x1c1uobl x16tdsg8 x1hl2dhg xggy1nq x1a2a7pz xkrqix3 x1sur9pj x1fey0fg x1s688f" tabindex="0" role="link" href="http://www.tanzlokal-nina.com/?fbclid=IwZXh0bgNhZW0CMTAAYnJpZBEwTzJZbVhXYlJUb3pvdVpTOAEeR850B1WR0rJdJj9_wtuvLRGjtFXWgZE1lfxePm06EQMnl3pzGLLH_39lLOw_aem_Lsw49l8a_tlitqPzk3B7AA" target="_blank" rel="nofollow noopener noreferrer">www.tanzlokal-nina.com</a> erhältlich als auch an der Abendkasse verfügbar.<br class="html-br" />Sei dabei, wenn Bottrop den Discofox feiert – wir freuen uns auf eine tolle Nacht voller Musik, Tanz und guter Stimmung!</div>
<div class="x14z9mp xat24cr x1lziwak x1vvkbs xtlvy1s">Royal Suite: Das Beste aus nationalen und internationalen Discofox mit DJ Meik &amp; DJ Brainstorm<br class="html-br" />Stadl: Lieblingslieder &amp; die Ohrwürmer aus den 90ern bis heute mit Speedy<br class="html-br" />&#8211; &#8211; &#8211; &#8211; &#8211; &#8211; &#8211; &#8211; &#8211; &#8211; &#8211; &#8211;<br class="html-br" />Einlass: ab 18 Jahren<br class="html-br" />Start: 21:00 Uhr</div>
<p>[/et_pb_text][/et_pb_column][/et_pb_row][/et_pb_section]</p>

<p>Für die einen ist es nur Schritt, Schritt, Tap &#8211; Für uns ist es die Radio Paloma Discofox-Nacht Am Samstag, den 02. August, lädt das Tanzlokal NINA gemeinsam mit dem [&hellip;]</p>
